{"id":6543,"date":"2024-02-22T11:11:07","date_gmt":"2024-02-22T10:11:07","guid":{"rendered":"https:\/\/villaeuropahotel.it\/?page_id=6543"},"modified":"2025-01-16T22:03:34","modified_gmt":"2025-01-16T21:03:34","slug":"il-nostro-orto","status":"publish","type":"page","link":"https:\/\/villaeuropahotel.it\/fr\/il-nostro-orto\/","title":{"rendered":"Il nostro Orto"},"content":{"rendered":"<section class=\"l-section wpb_row height_auto\"><div class=\"l-section-h i-cf\"><div class=\"g-cols vc_row via_flex valign_middle type_default stacking_default\"><div class=\"vc_col-sm-12 wpb_column vc_column_container\"><div class=\"vc_column-inner\"><div class=\"wpb_wrapper\">[rev_slider_vc alias=\u00a0\u00bborto-bio\u00a0\u00bb]<\/div><\/div><\/div><\/div><\/div><\/section><section class=\"l-section wpb_row bg-linee height_medium\"><div class=\"l-section-h i-cf\"><div class=\"g-cols vc_row via_flex valign_top type_default stacking_default\"><div class=\"vc_col-sm-6 wpb_column vc_column_container\"><div class=\"vc_column-inner\"><div class=\"wpb_wrapper\"><div class=\"wpb_text_column\"><div class=\"wpb_wrapper\"><h1>LE JARDIN POTAGER<\/h1>\n<h2>100 m\u00e8tres carr\u00e9s de terre meuble pour toujours offrir le meilleur.<\/h2>\n<\/div><\/div><\/div><\/div><\/div><div class=\"vc_col-sm-6 wpb_column vc_column_container\"><div class=\"vc_column-inner us_custom_1e06314c\"><div class=\"wpb_wrapper\"><div class=\"wpb_text_column giustifica\"><div class=\"wpb_wrapper\"><p>C&rsquo;est parmi les agrumes et les arbres fruitiers, sur un petit terrain, que nous cultivons les l\u00e9gumes et les herbes que nous proposons \u00e0 nos h\u00f4tes au <strong>petit-d\u00e9jeuner.<\/strong> Cela va de la salade verte \u00e0 la roquette, en passant par le radicchio, le c\u00e9leri et les courgettes, les tomates de toutes sortes, les aubergines et les concombres.<\/p>\n<\/div><\/div><\/div><\/div><\/div><\/div><\/div><\/section><section class=\"l-section wpb_row us_custom_8216f58a has_text_color height_auto\"><div class=\"l-section-h i-cf\"><div class=\"g-cols vc_row via_flex valign_middle type_boxes stacking_default\"><div class=\"vc_col-sm-4 wpb_column vc_column_container ramo-sx\"><div class=\"vc_column-inner\"><div class=\"wpb_wrapper\"><div class=\"g-cols wpb_row blocco-bianco-dx via_flex valign_middle type_default stacking_default\"><div class=\"vc_col-sm-12 wpb_column vc_column_container\"><div class=\"vc_column-inner\"><div class=\"wpb_wrapper\"><div class=\"wpb_text_column us_custom_22fa3828 has_text_color\"><div class=\"wpb_wrapper\"><h3 style=\"text-align: center;\">Jardin d&rsquo;h\u00f4tes<\/h3>\n<\/div><\/div><div class=\"w-image hide_on_default hide_on_laptops hide_on_tablets align_none\"><div class=\"w-image-h\"><img decoding=\"async\" width=\"1280\" height=\"853\" src=\"https:\/\/villaeuropahotel.it\/wp-content\/uploads\/2017\/07\/rflc-6491.jpg\" class=\"attachment-full size-full\" alt=\"\" loading=\"lazy\" srcset=\"https:\/\/villaeuropahotel.it\/wp-content\/uploads\/2017\/07\/rflc-6491.jpg 1280w, https:\/\/villaeuropahotel.it\/wp-content\/uploads\/2017\/07\/rflc-6491-300x200.jpg 300w, https:\/\/villaeuropahotel.it\/wp-content\/uploads\/2017\/07\/rflc-6491-1024x682.jpg 1024w, https:\/\/villaeuropahotel.it\/wp-content\/uploads\/2017\/07\/rflc-6491-600x400.jpg 600w, https:\/\/villaeuropahotel.it\/wp-content\/uploads\/2017\/07\/rflc-6491-768x512.jpg 768w\" sizes=\"auto, (max-width: 1280px) 100vw, 1280px\" \/><\/div><\/div><div class=\"w-separator hide_on_default hide_on_laptops hide_on_tablets size_small\"><\/div><div class=\"w-separator us_custom_fc7a5108 has_text_color hide_on_mobiles size_small with_line width_30 thick_2 style_solid color_border align_center\"><div class=\"w-separator-h\"><\/div><\/div><div class=\"wpb_text_column us_custom_ebaefe07 has_text_color\"><div class=\"wpb_wrapper\"><p style=\"text-align: center;\">En plus d&#8217;embellir et de garnir les buffets du petit-d\u00e9jeuner, les l\u00e9gumes et autres d\u00e9lices peuvent \u00eatre achet\u00e9s par nos h\u00f4tes.<\/p>\n<p style=\"text-align: center;\"><em>Nous aimons partager et diffuser notre amour de la terre.<\/em><\/p>\n<\/div><\/div><\/div><\/div><\/div><\/div><\/div><\/div><\/div><div class=\"vc_col-sm-8 wpb_column vc_column_container\"><div class=\"vc_column-inner\"><div class=\"wpb_wrapper\"><div class=\"w-image hide_on_mobiles align_none\"><div class=\"w-image-h\"><img decoding=\"async\" width=\"1280\" height=\"853\" src=\"https:\/\/villaeuropahotel.it\/wp-content\/uploads\/2017\/07\/rflc-6491.jpg\" class=\"attachment-full size-full\" alt=\"\" loading=\"lazy\" srcset=\"https:\/\/villaeuropahotel.it\/wp-content\/uploads\/2017\/07\/rflc-6491.jpg 1280w, https:\/\/villaeuropahotel.it\/wp-content\/uploads\/2017\/07\/rflc-6491-300x200.jpg 300w, https:\/\/villaeuropahotel.it\/wp-content\/uploads\/2017\/07\/rflc-6491-1024x682.jpg 1024w, https:\/\/villaeuropahotel.it\/wp-content\/uploads\/2017\/07\/rflc-6491-600x400.jpg 600w, https:\/\/villaeuropahotel.it\/wp-content\/uploads\/2017\/07\/rflc-6491-768x512.jpg 768w\" sizes=\"auto, (max-width: 1280px) 100vw, 1280px\" \/><\/div><\/div><\/div><\/div><\/div><\/div><\/div><\/section>\n","protected":false},"excerpt":{"rendered":"[rev_slider_vc alias=\"orto-bio\"]LE JARDIN POTAGER 100 m\u00e8tres carr\u00e9s de terre meuble pour toujours offrir le meilleur. C&rsquo;est parmi les agrumes et les arbres fruitiers, sur un petit terrain, que nous cultivons les l\u00e9gumes et les herbes que nous proposons \u00e0 nos h\u00f4tes au petit-d\u00e9jeuner. Cela va de la salade verte \u00e0 la roquette, en passant par...","protected":false},"author":4,"featured_media":0,"parent":0,"menu_order":0,"comment_status":"closed","ping_status":"closed","template":"","meta":{"inline_featured_image":false,"footnotes":""},"class_list":["post-6543","page","type-page","status-publish","hentry"],"yoast_head":"<!-- This site is optimized with the Yoast SEO plugin v27.5 - https:\/\/yoast.com\/product\/yoast-seo-wordpress\/ -->\n<title>Il nostro Orto - Hotel Villa Europa<\/title>\n<meta name=\"robots\" content=\"index, follow, max-snippet:-1, max-image-preview:large, max-video-preview:-1\" \/>\n<link rel=\"canonical\" href=\"https:\/\/villaeuropahotel.it\/fr\/il-nostro-orto\/\" \/>\n<meta property=\"og:locale\" content=\"fr_FR\" \/>\n<meta property=\"og:type\" content=\"article\" \/>\n<meta property=\"og:title\" content=\"Il nostro Orto - Hotel Villa Europa\" \/>\n<meta property=\"og:url\" content=\"https:\/\/villaeuropahotel.it\/fr\/il-nostro-orto\/\" \/>\n<meta property=\"og:site_name\" content=\"Hotel Villa Europa\" \/>\n<meta property=\"article:publisher\" content=\"https:\/\/www.facebook.com\/frassinehotels\/?fref=ts\" \/>\n<meta property=\"article:modified_time\" content=\"2025-01-16T21:03:34+00:00\" \/>\n<meta name=\"twitter:card\" content=\"summary_large_image\" \/>\n<meta name=\"twitter:label1\" content=\"Dur\u00e9e de lecture estim\u00e9e\" \/>\n\t<meta name=\"twitter:data1\" content=\"1 minute\" \/>\n<script type=\"application\/ld+json\" class=\"yoast-schema-graph\">{\"@context\":\"https:\\\/\\\/schema.org\",\"@graph\":[{\"@type\":\"WebPage\",\"@id\":\"https:\\\/\\\/villaeuropahotel.it\\\/fr\\\/il-nostro-orto\\\/\",\"url\":\"https:\\\/\\\/villaeuropahotel.it\\\/fr\\\/il-nostro-orto\\\/\",\"name\":\"Il nostro Orto - Hotel Villa Europa\",\"isPartOf\":{\"@id\":\"https:\\\/\\\/villaeuropahotel.it\\\/#website\"},\"datePublished\":\"2024-02-22T10:11:07+00:00\",\"dateModified\":\"2025-01-16T21:03:34+00:00\",\"breadcrumb\":{\"@id\":\"https:\\\/\\\/villaeuropahotel.it\\\/fr\\\/il-nostro-orto\\\/#breadcrumb\"},\"inLanguage\":\"fr-FR\",\"potentialAction\":[{\"@type\":\"ReadAction\",\"target\":[\"https:\\\/\\\/villaeuropahotel.it\\\/fr\\\/il-nostro-orto\\\/\"]}]},{\"@type\":\"BreadcrumbList\",\"@id\":\"https:\\\/\\\/villaeuropahotel.it\\\/fr\\\/il-nostro-orto\\\/#breadcrumb\",\"itemListElement\":[{\"@type\":\"ListItem\",\"position\":1,\"name\":\"Home\",\"item\":\"https:\\\/\\\/villaeuropahotel.it\\\/fr\\\/\"},{\"@type\":\"ListItem\",\"position\":2,\"name\":\"Il nostro Orto\"}]},{\"@type\":\"WebSite\",\"@id\":\"https:\\\/\\\/villaeuropahotel.it\\\/#website\",\"url\":\"https:\\\/\\\/villaeuropahotel.it\\\/\",\"name\":\"Hotel Villa Europa\",\"description\":\"Hotel Villa Europa Gargnano\",\"publisher\":{\"@id\":\"https:\\\/\\\/villaeuropahotel.it\\\/#organization\"},\"potentialAction\":[{\"@type\":\"SearchAction\",\"target\":{\"@type\":\"EntryPoint\",\"urlTemplate\":\"https:\\\/\\\/villaeuropahotel.it\\\/?s={search_term_string}\"},\"query-input\":{\"@type\":\"PropertyValueSpecification\",\"valueRequired\":true,\"valueName\":\"search_term_string\"}}],\"inLanguage\":\"fr-FR\"},{\"@type\":\"Organization\",\"@id\":\"https:\\\/\\\/villaeuropahotel.it\\\/#organization\",\"name\":\"Hotel Villa Europa Gargnano\",\"url\":\"https:\\\/\\\/villaeuropahotel.it\\\/\",\"logo\":{\"@type\":\"ImageObject\",\"inLanguage\":\"fr-FR\",\"@id\":\"https:\\\/\\\/villaeuropahotel.it\\\/#\\\/schema\\\/logo\\\/image\\\/\",\"url\":\"https:\\\/\\\/villaeuropahotel.it\\\/wp-content\\\/uploads\\\/2017\\\/05\\\/logovillaeuropa.svg\",\"contentUrl\":\"https:\\\/\\\/villaeuropahotel.it\\\/wp-content\\\/uploads\\\/2017\\\/05\\\/logovillaeuropa.svg\",\"width\":400,\"height\":99,\"caption\":\"Hotel Villa Europa Gargnano\"},\"image\":{\"@id\":\"https:\\\/\\\/villaeuropahotel.it\\\/#\\\/schema\\\/logo\\\/image\\\/\"},\"sameAs\":[\"https:\\\/\\\/www.facebook.com\\\/frassinehotels\\\/?fref=ts\",\"https:\\\/\\\/www.instagram.com\\\/explore\\\/locations\\\/364848774\\\/hotel-villa-europa-resort-fondo-la-campagnola\\\/\",\"https:\\\/\\\/www.youtube.com\\\/watch?v=Hx3xOh1_JSY\"]}]}<\/script>\n<!-- \/ Yoast SEO plugin. -->","yoast_head_json":{"title":"Il nostro Orto - Hotel Villa Europa","robots":{"index":"index","follow":"follow","max-snippet":"max-snippet:-1","max-image-preview":"max-image-preview:large","max-video-preview":"max-video-preview:-1"},"canonical":"https:\/\/villaeuropahotel.it\/fr\/il-nostro-orto\/","og_locale":"fr_FR","og_type":"article","og_title":"Il nostro Orto - Hotel Villa Europa","og_url":"https:\/\/villaeuropahotel.it\/fr\/il-nostro-orto\/","og_site_name":"Hotel Villa Europa","article_publisher":"https:\/\/www.facebook.com\/frassinehotels\/?fref=ts","article_modified_time":"2025-01-16T21:03:34+00:00","twitter_card":"summary_large_image","twitter_misc":{"Dur\u00e9e de lecture estim\u00e9e":"1 minute"},"schema":{"@context":"https:\/\/schema.org","@graph":[{"@type":"WebPage","@id":"https:\/\/villaeuropahotel.it\/fr\/il-nostro-orto\/","url":"https:\/\/villaeuropahotel.it\/fr\/il-nostro-orto\/","name":"Il nostro Orto - Hotel Villa Europa","isPartOf":{"@id":"https:\/\/villaeuropahotel.it\/#website"},"datePublished":"2024-02-22T10:11:07+00:00","dateModified":"2025-01-16T21:03:34+00:00","breadcrumb":{"@id":"https:\/\/villaeuropahotel.it\/fr\/il-nostro-orto\/#breadcrumb"},"inLanguage":"fr-FR","potentialAction":[{"@type":"ReadAction","target":["https:\/\/villaeuropahotel.it\/fr\/il-nostro-orto\/"]}]},{"@type":"BreadcrumbList","@id":"https:\/\/villaeuropahotel.it\/fr\/il-nostro-orto\/#breadcrumb","itemListElement":[{"@type":"ListItem","position":1,"name":"Home","item":"https:\/\/villaeuropahotel.it\/fr\/"},{"@type":"ListItem","position":2,"name":"Il nostro Orto"}]},{"@type":"WebSite","@id":"https:\/\/villaeuropahotel.it\/#website","url":"https:\/\/villaeuropahotel.it\/","name":"Hotel Villa Europa","description":"Hotel Villa Europa Gargnano","publisher":{"@id":"https:\/\/villaeuropahotel.it\/#organization"},"potentialAction":[{"@type":"SearchAction","target":{"@type":"EntryPoint","urlTemplate":"https:\/\/villaeuropahotel.it\/?s={search_term_string}"},"query-input":{"@type":"PropertyValueSpecification","valueRequired":true,"valueName":"search_term_string"}}],"inLanguage":"fr-FR"},{"@type":"Organization","@id":"https:\/\/villaeuropahotel.it\/#organization","name":"Hotel Villa Europa Gargnano","url":"https:\/\/villaeuropahotel.it\/","logo":{"@type":"ImageObject","inLanguage":"fr-FR","@id":"https:\/\/villaeuropahotel.it\/#\/schema\/logo\/image\/","url":"https:\/\/villaeuropahotel.it\/wp-content\/uploads\/2017\/05\/logovillaeuropa.svg","contentUrl":"https:\/\/villaeuropahotel.it\/wp-content\/uploads\/2017\/05\/logovillaeuropa.svg","width":400,"height":99,"caption":"Hotel Villa Europa Gargnano"},"image":{"@id":"https:\/\/villaeuropahotel.it\/#\/schema\/logo\/image\/"},"sameAs":["https:\/\/www.facebook.com\/frassinehotels\/?fref=ts","https:\/\/www.instagram.com\/explore\/locations\/364848774\/hotel-villa-europa-resort-fondo-la-campagnola\/","https:\/\/www.youtube.com\/watch?v=Hx3xOh1_JSY"]}]}},"_links":{"self":[{"href":"https:\/\/villaeuropahotel.it\/fr\/wp-json\/wp\/v2\/pages\/6543","targetHints":{"allow":["GET"]}}],"collection":[{"href":"https:\/\/villaeuropahotel.it\/fr\/wp-json\/wp\/v2\/pages"}],"about":[{"href":"https:\/\/villaeuropahotel.it\/fr\/wp-json\/wp\/v2\/types\/page"}],"author":[{"embeddable":true,"href":"https:\/\/villaeuropahotel.it\/fr\/wp-json\/wp\/v2\/users\/4"}],"replies":[{"embeddable":true,"href":"https:\/\/villaeuropahotel.it\/fr\/wp-json\/wp\/v2\/comments?post=6543"}],"version-history":[{"count":3,"href":"https:\/\/villaeuropahotel.it\/fr\/wp-json\/wp\/v2\/pages\/6543\/revisions"}],"predecessor-version":[{"id":8176,"href":"https:\/\/villaeuropahotel.it\/fr\/wp-json\/wp\/v2\/pages\/6543\/revisions\/8176"}],"wp:attachment":[{"href":"https:\/\/villaeuropahotel.it\/fr\/wp-json\/wp\/v2\/media?parent=6543"}],"curies":[{"name":"wp","href":"https:\/\/api.w.org\/{rel}","templated":true}]}}

<section class="l-section wpb_row height_auto"><div class="l-section-h i-cf"><div class="g-cols vc_row via_flex valign_middle type_default stacking_default"><div class="vc_col-sm-12 wpb_column vc_column_container"><div class="vc_column-inner"><div class="wpb_wrapper">[rev_slider_vc alias= »orto-bio »]</div></div></div></div></div></section><section class="l-section wpb_row bg-linee height_medium"><div class="l-section-h i-cf"><div class="g-cols vc_row via_flex valign_top type_default stacking_default"><div class="vc_col-sm-6 wpb_column vc_column_container"><div class="vc_column-inner"><div class="wpb_wrapper"><div class="wpb_text_column"><div class="wpb_wrapper"><h1>LE JARDIN POTAGER</h1>
<h2>100 mètres carrés de terre meuble pour toujours offrir le meilleur.</h2>
</div></div></div></div></div><div class="vc_col-sm-6 wpb_column vc_column_container"><div class="vc_column-inner us_custom_1e06314c"><div class="wpb_wrapper"><div class="wpb_text_column giustifica"><div class="wpb_wrapper"><p>C&rsquo;est parmi les agrumes et les arbres fruitiers, sur un petit terrain, que nous cultivons les légumes et les herbes que nous proposons à nos hôtes au <strong>petit-déjeuner.</strong> Cela va de la salade verte à la roquette, en passant par le radicchio, le céleri et les courgettes, les tomates de toutes sortes, les aubergines et les concombres.</p>
</div></div></div></div></div></div></div></section><section class="l-section wpb_row us_custom_8216f58a has_text_color height_auto"><div class="l-section-h i-cf"><div class="g-cols vc_row via_flex valign_middle type_boxes stacking_default"><div class="vc_col-sm-4 wpb_column vc_column_container ramo-sx"><div class="vc_column-inner"><div class="wpb_wrapper"><div class="g-cols wpb_row blocco-bianco-dx via_flex valign_middle type_default stacking_default"><div class="vc_col-sm-12 wpb_column vc_column_container"><div class="vc_column-inner"><div class="wpb_wrapper"><div class="wpb_text_column us_custom_22fa3828 has_text_color"><div class="wpb_wrapper"><h3 style="text-align: center;">Jardin d&rsquo;hôtes</h3>
</div></div><div class="w-image hide_on_default hide_on_laptops hide_on_tablets align_none"><div class="w-image-h"><img decoding="async" width="1280" height="853" src="https://villaeuropahotel.it/wp-content/uploads/2017/07/rflc-6491.jpg" class="attachment-full size-full" alt="" loading="lazy" srcset="https://villaeuropahotel.it/wp-content/uploads/2017/07/rflc-6491.jpg 1280w, https://villaeuropahotel.it/wp-content/uploads/2017/07/rflc-6491-300x200.jpg 300w, https://villaeuropahotel.it/wp-content/uploads/2017/07/rflc-6491-1024x682.jpg 1024w, https://villaeuropahotel.it/wp-content/uploads/2017/07/rflc-6491-600x400.jpg 600w, https://villaeuropahotel.it/wp-content/uploads/2017/07/rflc-6491-768x512.jpg 768w" sizes="auto, (max-width: 1280px) 100vw, 1280px" /></div></div><div class="w-separator hide_on_default hide_on_laptops hide_on_tablets size_small"></div><div class="w-separator us_custom_fc7a5108 has_text_color hide_on_mobiles size_small with_line width_30 thick_2 style_solid color_border align_center"><div class="w-separator-h"></div></div><div class="wpb_text_column us_custom_ebaefe07 has_text_color"><div class="wpb_wrapper"><p style="text-align: center;">En plus d&#8217;embellir et de garnir les buffets du petit-déjeuner, les légumes et autres délices peuvent être achetés par nos hôtes.</p>
<p style="text-align: center;"><em>Nous aimons partager et diffuser notre amour de la terre.</em></p>
</div></div></div></div></div></div></div></div></div><div class="vc_col-sm-8 wpb_column vc_column_container"><div class="vc_column-inner"><div class="wpb_wrapper"><div class="w-image hide_on_mobiles align_none"><div class="w-image-h"><img decoding="async" width="1280" height="853" src="https://villaeuropahotel.it/wp-content/uploads/2017/07/rflc-6491.jpg" class="attachment-full size-full" alt="" loading="lazy" srcset="https://villaeuropahotel.it/wp-content/uploads/2017/07/rflc-6491.jpg 1280w, https://villaeuropahotel.it/wp-content/uploads/2017/07/rflc-6491-300x200.jpg 300w, https://villaeuropahotel.it/wp-content/uploads/2017/07/rflc-6491-1024x682.jpg 1024w, https://villaeuropahotel.it/wp-content/uploads/2017/07/rflc-6491-600x400.jpg 600w, https://villaeuropahotel.it/wp-content/uploads/2017/07/rflc-6491-768x512.jpg 768w" sizes="auto, (max-width: 1280px) 100vw, 1280px" /></div></div></div></div></div></div></div></section>

[rev_slider_vc alias="orto-bio"]LE JARDIN POTAGER 100 mètres carrés de terre meuble pour toujours offrir le meilleur. C&rsquo;est parmi les agrumes et les arbres fruitiers, sur un petit terrain, que nous cultivons les légumes et les herbes que nous proposons à nos hôtes au petit-déjeuner. Cela va de la salade verte à la roquette, en passant par...

<!-- This site is optimized with the Yoast SEO plugin v27.5 - https://yoast.com/product/yoast-seo-wordpress/ -->
<title>Il nostro Orto - Hotel Villa Europa</title>
<meta name="robots" content="index, follow, max-snippet:-1, max-image-preview:large, max-video-preview:-1" />
<link rel="canonical" href="https://villaeuropahotel.it/fr/il-nostro-orto/" />
<meta property="og:locale" content="fr_FR" />
<meta property="og:type" content="article" />
<meta property="og:title" content="Il nostro Orto - Hotel Villa Europa" />
<meta property="og:url" content="https://villaeuropahotel.it/fr/il-nostro-orto/" />
<meta property="og:site_name" content="Hotel Villa Europa" />
<meta property="article:publisher" content="https://www.facebook.com/frassinehotels/?fref=ts" />
<meta property="article:modified_time" content="2025-01-16T21:03:34+00:00" />
<meta name="twitter:card" content="summary_large_image" />
<meta name="twitter:label1" content="Durée de lecture estimée" />
	<meta name="twitter:data1" content="1 minute" />
<script type="application/ld+json" class="yoast-schema-graph">{"@context":"https:\/\/schema.org","@graph":[{"@type":"WebPage","@id":"https:\/\/villaeuropahotel.it\/fr\/il-nostro-orto\/","url":"https:\/\/villaeuropahotel.it\/fr\/il-nostro-orto\/","name":"Il nostro Orto - Hotel Villa Europa","isPartOf":{"@id":"https:\/\/villaeuropahotel.it\/#website"},"datePublished":"2024-02-22T10:11:07+00:00","dateModified":"2025-01-16T21:03:34+00:00","breadcrumb":{"@id":"https:\/\/villaeuropahotel.it\/fr\/il-nostro-orto\/#breadcrumb"},"inLanguage":"fr-FR","potentialAction":[{"@type":"ReadAction","target":["https:\/\/villaeuropahotel.it\/fr\/il-nostro-orto\/"]}]},{"@type":"BreadcrumbList","@id":"https:\/\/villaeuropahotel.it\/fr\/il-nostro-orto\/#breadcrumb","itemListElement":[{"@type":"ListItem","position":1,"name":"Home","item":"https:\/\/villaeuropahotel.it\/fr\/"},{"@type":"ListItem","position":2,"name":"Il nostro Orto"}]},{"@type":"WebSite","@id":"https:\/\/villaeuropahotel.it\/#website","url":"https:\/\/villaeuropahotel.it\/","name":"Hotel Villa Europa","description":"Hotel Villa Europa Gargnano","publisher":{"@id":"https:\/\/villaeuropahotel.it\/#organization"},"potentialAction":[{"@type":"SearchAction","target":{"@type":"EntryPoint","urlTemplate":"https:\/\/villaeuropahotel.it\/?s={search_term_string}"},"query-input":{"@type":"PropertyValueSpecification","valueRequired":true,"valueName":"search_term_string"}}],"inLanguage":"fr-FR"},{"@type":"Organization","@id":"https:\/\/villaeuropahotel.it\/#organization","name":"Hotel Villa Europa Gargnano","url":"https:\/\/villaeuropahotel.it\/","logo":{"@type":"ImageObject","inLanguage":"fr-FR","@id":"https:\/\/villaeuropahotel.it\/#\/schema\/logo\/image\/","url":"https:\/\/villaeuropahotel.it\/wp-content\/uploads\/2017\/05\/logovillaeuropa.svg","contentUrl":"https:\/\/villaeuropahotel.it\/wp-content\/uploads\/2017\/05\/logovillaeuropa.svg","width":400,"height":99,"caption":"Hotel Villa Europa Gargnano"},"image":{"@id":"https:\/\/villaeuropahotel.it\/#\/schema\/logo\/image\/"},"sameAs":["https:\/\/www.facebook.com\/frassinehotels\/?fref=ts","https:\/\/www.instagram.com\/explore\/locations\/364848774\/hotel-villa-europa-resort-fondo-la-campagnola\/","https:\/\/www.youtube.com\/watch?v=Hx3xOh1_JSY"]}]}</script>
<!-- / Yoast SEO plugin. -->
