{"id":1492,"date":"2017-09-19T14:04:40","date_gmt":"2017-09-19T12:04:40","guid":{"rendered":"http:\/\/villaeuropahotel.it\/?page_id=1492\/"},"modified":"2025-01-16T22:05:39","modified_gmt":"2025-01-16T21:05:39","slug":"biogarten","status":"publish","type":"page","link":"https:\/\/villaeuropahotel.it\/de\/biogarten\/","title":{"rendered":"Biogarten"},"content":{"rendered":"<section class=\"l-section wpb_row height_auto\"><div class=\"l-section-h i-cf\"><div class=\"g-cols vc_row via_flex valign_middle type_default stacking_default\"><div class=\"vc_col-sm-12 wpb_column vc_column_container\"><div class=\"vc_column-inner\"><div class=\"wpb_wrapper\">[rev_slider_vc alias=&#8220;orto-bio&#8220;]<\/div><\/div><\/div><\/div><\/div><\/section><section class=\"l-section wpb_row bg-linee height_medium\"><div class=\"l-section-h i-cf\"><div class=\"g-cols vc_row via_flex valign_top type_default stacking_default\"><div class=\"vc_col-sm-6 wpb_column vc_column_container\"><div class=\"vc_column-inner\"><div class=\"wpb_wrapper\"><div class=\"wpb_text_column\"><div class=\"wpb_wrapper\"><h1>DER GEM\u00dcSEGARTEN<\/h1>\n<h2>100 Quadratmeter weicher nat\u00fcrlicher Boden, um das Beste anzubieten.<\/h2>\n<\/div><\/div><\/div><\/div><\/div><div class=\"vc_col-sm-6 wpb_column vc_column_container\"><div class=\"vc_column-inner us_custom_1e06314c\"><div class=\"wpb_wrapper\"><div class=\"wpb_text_column giustifica\"><div class=\"wpb_wrapper\"><p>Zwischen Zitrus- und Obstb\u00e4umen bauen wir auf einem kleinen St\u00fcck Land Gem\u00fcse und Kr\u00e4uter an, die wir unseren G\u00e4sten <strong>zum Fr\u00fchst\u00fcck<\/strong><strong>\u00a0<\/strong>anbieten. Die K\u00f6stlichkeiten reichen von zarten Salaten bis zu Rucola, Radicchio, Sellerie und Zucchini, Tomaten aller Sorten, Auberginen und Gurken.<\/p>\n<\/div><\/div><\/div><\/div><\/div><\/div><\/div><\/section><section class=\"l-section wpb_row us_custom_8216f58a has_text_color height_auto\"><div class=\"l-section-h i-cf\"><div class=\"g-cols vc_row via_flex valign_middle type_boxes stacking_default\"><div class=\"vc_col-sm-4 wpb_column vc_column_container ramo-sx\"><div class=\"vc_column-inner\"><div class=\"wpb_wrapper\"><div class=\"g-cols wpb_row blocco-bianco-dx via_flex valign_middle type_default stacking_default\"><div class=\"vc_col-sm-12 wpb_column vc_column_container\"><div class=\"vc_column-inner\"><div class=\"wpb_wrapper\"><div class=\"wpb_text_column us_custom_22fa3828 has_text_color\"><div class=\"wpb_wrapper\"><h3 style=\"text-align: center;\">Garten f\u00fcr den Gast<\/h3>\n<\/div><\/div><div class=\"w-image hide_on_default hide_on_laptops hide_on_tablets align_none\"><div class=\"w-image-h\"><img decoding=\"async\" width=\"1280\" height=\"853\" src=\"https:\/\/villaeuropahotel.it\/wp-content\/uploads\/2017\/07\/rflc-6491.jpg\" class=\"attachment-full size-full\" alt=\"\" loading=\"lazy\" srcset=\"https:\/\/villaeuropahotel.it\/wp-content\/uploads\/2017\/07\/rflc-6491.jpg 1280w, https:\/\/villaeuropahotel.it\/wp-content\/uploads\/2017\/07\/rflc-6491-300x200.jpg 300w, https:\/\/villaeuropahotel.it\/wp-content\/uploads\/2017\/07\/rflc-6491-768x512.jpg 768w, https:\/\/villaeuropahotel.it\/wp-content\/uploads\/2017\/07\/rflc-6491-1024x682.jpg 1024w, https:\/\/villaeuropahotel.it\/wp-content\/uploads\/2017\/07\/rflc-6491-600x400.jpg 600w\" sizes=\"auto, (max-width: 1280px) 100vw, 1280px\" \/><\/div><\/div><div class=\"w-separator hide_on_default hide_on_laptops hide_on_tablets size_small\"><\/div><div class=\"w-separator us_custom_fc7a5108 has_text_color hide_on_mobiles size_small with_line width_30 thick_2 style_solid color_border align_center\"><div class=\"w-separator-h\"><\/div><\/div><div class=\"wpb_text_column us_custom_ebaefe07 has_text_color\"><div class=\"wpb_wrapper\"><p style=\"text-align: center;\">Gem\u00fcse und andere K\u00f6stlichkeiten bereichern und garnierten nicht nur Fr\u00fchst\u00fcck, sondern werden auch zum Kauf angeboten.<\/p>\n<p style=\"text-align: center;\"><em>Wir teilen und verbreiten unsere Liebe zu unserem Land gerne.<\/em><\/p>\n<\/div><\/div><\/div><\/div><\/div><\/div><\/div><\/div><\/div><div class=\"vc_col-sm-8 wpb_column vc_column_container\"><div class=\"vc_column-inner\"><div class=\"wpb_wrapper\"><div class=\"w-image hide_on_mobiles align_none\"><div class=\"w-image-h\"><img decoding=\"async\" width=\"1280\" height=\"853\" src=\"https:\/\/villaeuropahotel.it\/wp-content\/uploads\/2017\/07\/rflc-6491.jpg\" class=\"attachment-full size-full\" alt=\"\" loading=\"lazy\" srcset=\"https:\/\/villaeuropahotel.it\/wp-content\/uploads\/2017\/07\/rflc-6491.jpg 1280w, https:\/\/villaeuropahotel.it\/wp-content\/uploads\/2017\/07\/rflc-6491-300x200.jpg 300w, https:\/\/villaeuropahotel.it\/wp-content\/uploads\/2017\/07\/rflc-6491-768x512.jpg 768w, https:\/\/villaeuropahotel.it\/wp-content\/uploads\/2017\/07\/rflc-6491-1024x682.jpg 1024w, https:\/\/villaeuropahotel.it\/wp-content\/uploads\/2017\/07\/rflc-6491-600x400.jpg 600w\" sizes=\"auto, (max-width: 1280px) 100vw, 1280px\" \/><\/div><\/div><\/div><\/div><\/div><\/div><\/div><\/section>\n","protected":false},"excerpt":{"rendered":"[rev_slider_vc alias=\"orto-bio\"]DER GEM\u00dcSEGARTEN 100 Quadratmeter weicher nat\u00fcrlicher Boden, um das Beste anzubieten. Zwischen Zitrus- und Obstb\u00e4umen bauen wir auf einem kleinen St\u00fcck Land Gem\u00fcse und Kr\u00e4uter an, die wir unseren G\u00e4sten zum Fr\u00fchst\u00fcck\u00a0anbieten. Die K\u00f6stlichkeiten reichen von zarten Salaten bis zu Rucola, Radicchio, Sellerie und Zucchini, Tomaten aller Sorten, Auberginen und Gurken. Garten f\u00fcr den...","protected":false},"author":1,"featured_media":0,"parent":0,"menu_order":0,"comment_status":"closed","ping_status":"closed","template":"","meta":{"inline_featured_image":false,"footnotes":""},"class_list":["post-1492","page","type-page","status-publish","hentry"],"yoast_head":"<!-- This site is optimized with the Yoast SEO plugin v27.5 - https:\/\/yoast.com\/product\/yoast-seo-wordpress\/ -->\n<title>Biogarten - Hotel Villa Europa<\/title>\n<meta name=\"robots\" content=\"index, follow, max-snippet:-1, max-image-preview:large, max-video-preview:-1\" \/>\n<link rel=\"canonical\" href=\"https:\/\/villaeuropahotel.it\/de\/biogarten\/\" \/>\n<meta property=\"og:locale\" content=\"de_DE\" \/>\n<meta property=\"og:type\" content=\"article\" \/>\n<meta property=\"og:title\" content=\"Biogarten - Hotel Villa Europa\" \/>\n<meta property=\"og:url\" content=\"https:\/\/villaeuropahotel.it\/de\/biogarten\/\" \/>\n<meta property=\"og:site_name\" content=\"Hotel Villa Europa\" \/>\n<meta property=\"article:publisher\" content=\"https:\/\/www.facebook.com\/frassinehotels\/?fref=ts\" \/>\n<meta property=\"article:modified_time\" content=\"2025-01-16T21:05:39+00:00\" \/>\n<meta name=\"twitter:card\" content=\"summary_large_image\" \/>\n<meta name=\"twitter:label1\" content=\"Gesch\u00e4tzte Lesezeit\" \/>\n\t<meta name=\"twitter:data1\" content=\"1\u00a0Minute\" \/>\n<script type=\"application\/ld+json\" class=\"yoast-schema-graph\">{\"@context\":\"https:\\\/\\\/schema.org\",\"@graph\":[{\"@type\":\"WebPage\",\"@id\":\"https:\\\/\\\/villaeuropahotel.it\\\/de\\\/biogarten\\\/\",\"url\":\"https:\\\/\\\/villaeuropahotel.it\\\/de\\\/biogarten\\\/\",\"name\":\"Biogarten - Hotel Villa Europa\",\"isPartOf\":{\"@id\":\"https:\\\/\\\/villaeuropahotel.it\\\/#website\"},\"datePublished\":\"2017-09-19T12:04:40+00:00\",\"dateModified\":\"2025-01-16T21:05:39+00:00\",\"breadcrumb\":{\"@id\":\"https:\\\/\\\/villaeuropahotel.it\\\/de\\\/biogarten\\\/#breadcrumb\"},\"inLanguage\":\"de\",\"potentialAction\":[{\"@type\":\"ReadAction\",\"target\":[\"https:\\\/\\\/villaeuropahotel.it\\\/de\\\/biogarten\\\/\"]}]},{\"@type\":\"BreadcrumbList\",\"@id\":\"https:\\\/\\\/villaeuropahotel.it\\\/de\\\/biogarten\\\/#breadcrumb\",\"itemListElement\":[{\"@type\":\"ListItem\",\"position\":1,\"name\":\"Home\",\"item\":\"https:\\\/\\\/villaeuropahotel.it\\\/de\\\/\"},{\"@type\":\"ListItem\",\"position\":2,\"name\":\"Biogarten\"}]},{\"@type\":\"WebSite\",\"@id\":\"https:\\\/\\\/villaeuropahotel.it\\\/#website\",\"url\":\"https:\\\/\\\/villaeuropahotel.it\\\/\",\"name\":\"Hotel Villa Europa\",\"description\":\"Hotel Villa Europa Gargnano\",\"publisher\":{\"@id\":\"https:\\\/\\\/villaeuropahotel.it\\\/#organization\"},\"potentialAction\":[{\"@type\":\"SearchAction\",\"target\":{\"@type\":\"EntryPoint\",\"urlTemplate\":\"https:\\\/\\\/villaeuropahotel.it\\\/?s={search_term_string}\"},\"query-input\":{\"@type\":\"PropertyValueSpecification\",\"valueRequired\":true,\"valueName\":\"search_term_string\"}}],\"inLanguage\":\"de\"},{\"@type\":\"Organization\",\"@id\":\"https:\\\/\\\/villaeuropahotel.it\\\/#organization\",\"name\":\"Hotel Villa Europa Gargnano\",\"url\":\"https:\\\/\\\/villaeuropahotel.it\\\/\",\"logo\":{\"@type\":\"ImageObject\",\"inLanguage\":\"de\",\"@id\":\"https:\\\/\\\/villaeuropahotel.it\\\/#\\\/schema\\\/logo\\\/image\\\/\",\"url\":\"https:\\\/\\\/villaeuropahotel.it\\\/wp-content\\\/uploads\\\/2017\\\/05\\\/logovillaeuropa.svg\",\"contentUrl\":\"https:\\\/\\\/villaeuropahotel.it\\\/wp-content\\\/uploads\\\/2017\\\/05\\\/logovillaeuropa.svg\",\"width\":400,\"height\":99,\"caption\":\"Hotel Villa Europa Gargnano\"},\"image\":{\"@id\":\"https:\\\/\\\/villaeuropahotel.it\\\/#\\\/schema\\\/logo\\\/image\\\/\"},\"sameAs\":[\"https:\\\/\\\/www.facebook.com\\\/frassinehotels\\\/?fref=ts\",\"https:\\\/\\\/www.instagram.com\\\/explore\\\/locations\\\/364848774\\\/hotel-villa-europa-resort-fondo-la-campagnola\\\/\",\"https:\\\/\\\/www.youtube.com\\\/watch?v=Hx3xOh1_JSY\"]}]}<\/script>\n<!-- \/ Yoast SEO plugin. -->","yoast_head_json":{"title":"Biogarten - Hotel Villa Europa","robots":{"index":"index","follow":"follow","max-snippet":"max-snippet:-1","max-image-preview":"max-image-preview:large","max-video-preview":"max-video-preview:-1"},"canonical":"https:\/\/villaeuropahotel.it\/de\/biogarten\/","og_locale":"de_DE","og_type":"article","og_title":"Biogarten - Hotel Villa Europa","og_url":"https:\/\/villaeuropahotel.it\/de\/biogarten\/","og_site_name":"Hotel Villa Europa","article_publisher":"https:\/\/www.facebook.com\/frassinehotels\/?fref=ts","article_modified_time":"2025-01-16T21:05:39+00:00","twitter_card":"summary_large_image","twitter_misc":{"Gesch\u00e4tzte Lesezeit":"1\u00a0Minute"},"schema":{"@context":"https:\/\/schema.org","@graph":[{"@type":"WebPage","@id":"https:\/\/villaeuropahotel.it\/de\/biogarten\/","url":"https:\/\/villaeuropahotel.it\/de\/biogarten\/","name":"Biogarten - Hotel Villa Europa","isPartOf":{"@id":"https:\/\/villaeuropahotel.it\/#website"},"datePublished":"2017-09-19T12:04:40+00:00","dateModified":"2025-01-16T21:05:39+00:00","breadcrumb":{"@id":"https:\/\/villaeuropahotel.it\/de\/biogarten\/#breadcrumb"},"inLanguage":"de","potentialAction":[{"@type":"ReadAction","target":["https:\/\/villaeuropahotel.it\/de\/biogarten\/"]}]},{"@type":"BreadcrumbList","@id":"https:\/\/villaeuropahotel.it\/de\/biogarten\/#breadcrumb","itemListElement":[{"@type":"ListItem","position":1,"name":"Home","item":"https:\/\/villaeuropahotel.it\/de\/"},{"@type":"ListItem","position":2,"name":"Biogarten"}]},{"@type":"WebSite","@id":"https:\/\/villaeuropahotel.it\/#website","url":"https:\/\/villaeuropahotel.it\/","name":"Hotel Villa Europa","description":"Hotel Villa Europa Gargnano","publisher":{"@id":"https:\/\/villaeuropahotel.it\/#organization"},"potentialAction":[{"@type":"SearchAction","target":{"@type":"EntryPoint","urlTemplate":"https:\/\/villaeuropahotel.it\/?s={search_term_string}"},"query-input":{"@type":"PropertyValueSpecification","valueRequired":true,"valueName":"search_term_string"}}],"inLanguage":"de"},{"@type":"Organization","@id":"https:\/\/villaeuropahotel.it\/#organization","name":"Hotel Villa Europa Gargnano","url":"https:\/\/villaeuropahotel.it\/","logo":{"@type":"ImageObject","inLanguage":"de","@id":"https:\/\/villaeuropahotel.it\/#\/schema\/logo\/image\/","url":"https:\/\/villaeuropahotel.it\/wp-content\/uploads\/2017\/05\/logovillaeuropa.svg","contentUrl":"https:\/\/villaeuropahotel.it\/wp-content\/uploads\/2017\/05\/logovillaeuropa.svg","width":400,"height":99,"caption":"Hotel Villa Europa Gargnano"},"image":{"@id":"https:\/\/villaeuropahotel.it\/#\/schema\/logo\/image\/"},"sameAs":["https:\/\/www.facebook.com\/frassinehotels\/?fref=ts","https:\/\/www.instagram.com\/explore\/locations\/364848774\/hotel-villa-europa-resort-fondo-la-campagnola\/","https:\/\/www.youtube.com\/watch?v=Hx3xOh1_JSY"]}]}},"_links":{"self":[{"href":"https:\/\/villaeuropahotel.it\/de\/wp-json\/wp\/v2\/pages\/1492","targetHints":{"allow":["GET"]}}],"collection":[{"href":"https:\/\/villaeuropahotel.it\/de\/wp-json\/wp\/v2\/pages"}],"about":[{"href":"https:\/\/villaeuropahotel.it\/de\/wp-json\/wp\/v2\/types\/page"}],"author":[{"embeddable":true,"href":"https:\/\/villaeuropahotel.it\/de\/wp-json\/wp\/v2\/users\/1"}],"replies":[{"embeddable":true,"href":"https:\/\/villaeuropahotel.it\/de\/wp-json\/wp\/v2\/comments?post=1492"}],"version-history":[{"count":12,"href":"https:\/\/villaeuropahotel.it\/de\/wp-json\/wp\/v2\/pages\/1492\/revisions"}],"predecessor-version":[{"id":8178,"href":"https:\/\/villaeuropahotel.it\/de\/wp-json\/wp\/v2\/pages\/1492\/revisions\/8178"}],"wp:attachment":[{"href":"https:\/\/villaeuropahotel.it\/de\/wp-json\/wp\/v2\/media?parent=1492"}],"curies":[{"name":"wp","href":"https:\/\/api.w.org\/{rel}","templated":true}]}}

<section class="l-section wpb_row height_auto"><div class="l-section-h i-cf"><div class="g-cols vc_row via_flex valign_middle type_default stacking_default"><div class="vc_col-sm-12 wpb_column vc_column_container"><div class="vc_column-inner"><div class="wpb_wrapper">[rev_slider_vc alias=&#8220;orto-bio&#8220;]</div></div></div></div></div></section><section class="l-section wpb_row bg-linee height_medium"><div class="l-section-h i-cf"><div class="g-cols vc_row via_flex valign_top type_default stacking_default"><div class="vc_col-sm-6 wpb_column vc_column_container"><div class="vc_column-inner"><div class="wpb_wrapper"><div class="wpb_text_column"><div class="wpb_wrapper"><h1>DER GEMÜSEGARTEN</h1>
<h2>100 Quadratmeter weicher natürlicher Boden, um das Beste anzubieten.</h2>
</div></div></div></div></div><div class="vc_col-sm-6 wpb_column vc_column_container"><div class="vc_column-inner us_custom_1e06314c"><div class="wpb_wrapper"><div class="wpb_text_column giustifica"><div class="wpb_wrapper"><p>Zwischen Zitrus- und Obstbäumen bauen wir auf einem kleinen Stück Land Gemüse und Kräuter an, die wir unseren Gästen <strong>zum Frühstück</strong><strong> </strong>anbieten. Die Köstlichkeiten reichen von zarten Salaten bis zu Rucola, Radicchio, Sellerie und Zucchini, Tomaten aller Sorten, Auberginen und Gurken.</p>
</div></div></div></div></div></div></div></section><section class="l-section wpb_row us_custom_8216f58a has_text_color height_auto"><div class="l-section-h i-cf"><div class="g-cols vc_row via_flex valign_middle type_boxes stacking_default"><div class="vc_col-sm-4 wpb_column vc_column_container ramo-sx"><div class="vc_column-inner"><div class="wpb_wrapper"><div class="g-cols wpb_row blocco-bianco-dx via_flex valign_middle type_default stacking_default"><div class="vc_col-sm-12 wpb_column vc_column_container"><div class="vc_column-inner"><div class="wpb_wrapper"><div class="wpb_text_column us_custom_22fa3828 has_text_color"><div class="wpb_wrapper"><h3 style="text-align: center;">Garten für den Gast</h3>
</div></div><div class="w-image hide_on_default hide_on_laptops hide_on_tablets align_none"><div class="w-image-h"><img decoding="async" width="1280" height="853" src="https://villaeuropahotel.it/wp-content/uploads/2017/07/rflc-6491.jpg" class="attachment-full size-full" alt="" loading="lazy" srcset="https://villaeuropahotel.it/wp-content/uploads/2017/07/rflc-6491.jpg 1280w, https://villaeuropahotel.it/wp-content/uploads/2017/07/rflc-6491-300x200.jpg 300w, https://villaeuropahotel.it/wp-content/uploads/2017/07/rflc-6491-768x512.jpg 768w, https://villaeuropahotel.it/wp-content/uploads/2017/07/rflc-6491-1024x682.jpg 1024w, https://villaeuropahotel.it/wp-content/uploads/2017/07/rflc-6491-600x400.jpg 600w" sizes="auto, (max-width: 1280px) 100vw, 1280px" /></div></div><div class="w-separator hide_on_default hide_on_laptops hide_on_tablets size_small"></div><div class="w-separator us_custom_fc7a5108 has_text_color hide_on_mobiles size_small with_line width_30 thick_2 style_solid color_border align_center"><div class="w-separator-h"></div></div><div class="wpb_text_column us_custom_ebaefe07 has_text_color"><div class="wpb_wrapper"><p style="text-align: center;">Gemüse und andere Köstlichkeiten bereichern und garnierten nicht nur Frühstück, sondern werden auch zum Kauf angeboten.</p>
<p style="text-align: center;"><em>Wir teilen und verbreiten unsere Liebe zu unserem Land gerne.</em></p>
</div></div></div></div></div></div></div></div></div><div class="vc_col-sm-8 wpb_column vc_column_container"><div class="vc_column-inner"><div class="wpb_wrapper"><div class="w-image hide_on_mobiles align_none"><div class="w-image-h"><img decoding="async" width="1280" height="853" src="https://villaeuropahotel.it/wp-content/uploads/2017/07/rflc-6491.jpg" class="attachment-full size-full" alt="" loading="lazy" srcset="https://villaeuropahotel.it/wp-content/uploads/2017/07/rflc-6491.jpg 1280w, https://villaeuropahotel.it/wp-content/uploads/2017/07/rflc-6491-300x200.jpg 300w, https://villaeuropahotel.it/wp-content/uploads/2017/07/rflc-6491-768x512.jpg 768w, https://villaeuropahotel.it/wp-content/uploads/2017/07/rflc-6491-1024x682.jpg 1024w, https://villaeuropahotel.it/wp-content/uploads/2017/07/rflc-6491-600x400.jpg 600w" sizes="auto, (max-width: 1280px) 100vw, 1280px" /></div></div></div></div></div></div></div></section>

[rev_slider_vc alias="orto-bio"]DER GEMÜSEGARTEN 100 Quadratmeter weicher natürlicher Boden, um das Beste anzubieten. Zwischen Zitrus- und Obstbäumen bauen wir auf einem kleinen Stück Land Gemüse und Kräuter an, die wir unseren Gästen zum Frühstück anbieten. Die Köstlichkeiten reichen von zarten Salaten bis zu Rucola, Radicchio, Sellerie und Zucchini, Tomaten aller Sorten, Auberginen und Gurken. Garten für den...

<!-- This site is optimized with the Yoast SEO plugin v27.5 - https://yoast.com/product/yoast-seo-wordpress/ -->
<title>Biogarten - Hotel Villa Europa</title>
<meta name="robots" content="index, follow, max-snippet:-1, max-image-preview:large, max-video-preview:-1" />
<link rel="canonical" href="https://villaeuropahotel.it/de/biogarten/" />
<meta property="og:locale" content="de_DE" />
<meta property="og:type" content="article" />
<meta property="og:title" content="Biogarten - Hotel Villa Europa" />
<meta property="og:url" content="https://villaeuropahotel.it/de/biogarten/" />
<meta property="og:site_name" content="Hotel Villa Europa" />
<meta property="article:publisher" content="https://www.facebook.com/frassinehotels/?fref=ts" />
<meta property="article:modified_time" content="2025-01-16T21:05:39+00:00" />
<meta name="twitter:card" content="summary_large_image" />
<meta name="twitter:label1" content="Geschätzte Lesezeit" />
	<meta name="twitter:data1" content="1 Minute" />
<script type="application/ld+json" class="yoast-schema-graph">{"@context":"https:\/\/schema.org","@graph":[{"@type":"WebPage","@id":"https:\/\/villaeuropahotel.it\/de\/biogarten\/","url":"https:\/\/villaeuropahotel.it\/de\/biogarten\/","name":"Biogarten - Hotel Villa Europa","isPartOf":{"@id":"https:\/\/villaeuropahotel.it\/#website"},"datePublished":"2017-09-19T12:04:40+00:00","dateModified":"2025-01-16T21:05:39+00:00","breadcrumb":{"@id":"https:\/\/villaeuropahotel.it\/de\/biogarten\/#breadcrumb"},"inLanguage":"de","potentialAction":[{"@type":"ReadAction","target":["https:\/\/villaeuropahotel.it\/de\/biogarten\/"]}]},{"@type":"BreadcrumbList","@id":"https:\/\/villaeuropahotel.it\/de\/biogarten\/#breadcrumb","itemListElement":[{"@type":"ListItem","position":1,"name":"Home","item":"https:\/\/villaeuropahotel.it\/de\/"},{"@type":"ListItem","position":2,"name":"Biogarten"}]},{"@type":"WebSite","@id":"https:\/\/villaeuropahotel.it\/#website","url":"https:\/\/villaeuropahotel.it\/","name":"Hotel Villa Europa","description":"Hotel Villa Europa Gargnano","publisher":{"@id":"https:\/\/villaeuropahotel.it\/#organization"},"potentialAction":[{"@type":"SearchAction","target":{"@type":"EntryPoint","urlTemplate":"https:\/\/villaeuropahotel.it\/?s={search_term_string}"},"query-input":{"@type":"PropertyValueSpecification","valueRequired":true,"valueName":"search_term_string"}}],"inLanguage":"de"},{"@type":"Organization","@id":"https:\/\/villaeuropahotel.it\/#organization","name":"Hotel Villa Europa Gargnano","url":"https:\/\/villaeuropahotel.it\/","logo":{"@type":"ImageObject","inLanguage":"de","@id":"https:\/\/villaeuropahotel.it\/#\/schema\/logo\/image\/","url":"https:\/\/villaeuropahotel.it\/wp-content\/uploads\/2017\/05\/logovillaeuropa.svg","contentUrl":"https:\/\/villaeuropahotel.it\/wp-content\/uploads\/2017\/05\/logovillaeuropa.svg","width":400,"height":99,"caption":"Hotel Villa Europa Gargnano"},"image":{"@id":"https:\/\/villaeuropahotel.it\/#\/schema\/logo\/image\/"},"sameAs":["https:\/\/www.facebook.com\/frassinehotels\/?fref=ts","https:\/\/www.instagram.com\/explore\/locations\/364848774\/hotel-villa-europa-resort-fondo-la-campagnola\/","https:\/\/www.youtube.com\/watch?v=Hx3xOh1_JSY"]}]}</script>
<!-- / Yoast SEO plugin. -->
